
In base 10, what is -1760435779 - 1?
-1760435780
In base 2, what is 11100010110011100011 - -100?
11100010110011100111
In base 2, what is 1 + 1001111010010000000101001110?
1001111010010000000101001111
In base 11, what is 3a - 10a145?
-10a106
In base 4, what is 1312031 - -23222?
2001313
In base 5, what is 2 - -1141441003?
1141441010
In base 7, what is -6042410 - -5?
-6042402
In base 2, what is 1000111101 - 1100110111101?
-1011110000000
In base 16, what is f23 + -5a8?
97b
In base 4, what is 2003 - 11130322221?
-11130320212
In base 2, what is -101 + 11010001111110100101?
11010001111110100000
In base 5, what is -200021000 + 1441?
-200014004
In base 7, what is 222 + -51015?
-50463
In base 4, what is -10 + -21201110230?
-21201110300
In base 4, what is 0 - -111111201223?
111111201223
In base 14, what is -3c + 2c955?
2c917
In base 15, what is 6 + -1b138d?
-1b1387
In base 15, what is 4 - 16e23942?
-16e2393d
In base 3, what is -202 - -100101002121?
100101001212
In base 12, what is 10a9841 + 1?
10a9842
In base 13, what is 14060405 - 3?
14060402
In base 9, what is 800 + 1156?
2056
In base 9, what is -8646 - 57668?
-67425
In base 11, what is -39459516 - 4?
-3945951a
In base 2, what is -110 - 110010000001000110100001?
-110010000001000110100111
In base 12, what is 1 + 12128959?
1212895a
In base 9, what is 110862671 + 4?
110862675
In base 7, what is -226 + -3233416?
-3233645
In base 13, what is -8c6928 + -33?
-8c695b
In base 8, what is 547324 + 2347?
551673
In base 2, what is -110100111011 - 1111011111110101?
-10000010100110000
In base 16, what is -5 + 367f6?
367f1
In base 13, what is -33129 + -65?
-33191
In base 7, what is 2034 + -52334?
-50300
In base 11, what is 44697743 + -4?
4469773a
In base 11, what is -37813887 + 7?
-37813880
In base 5, what is 1 + -2200430220?
-2200430214
In base 12, what is 3369 - -168?
3515
In base 3, what is 20110022211001012201 + 10?
20110022211001012211
In base 3, what is -10 - 20222100100000?
-20222100100010
In base 3, what is -1220 - 10001020221111?
-10001021000101
In base 6, what is 13034322 - -1?
13034323
In base 12, what is 2a2073b3 + 4?
2a2073b7
In base 7, what is 213505112 + -5?
213505104
In base 13, what is -62 + -634780?
-634812
In base 6, what is 355403 - 453?
354510
In base 15, what is 3 - 63096?
-63093
In base 14, what is -198 - 282?
-43a
In base 5, what is 14341303 + -4404?
14331344
In base 13, what is -1142747a + -8?
-11427485
In base 2, what is 1100110100100010001111111 + 101?
1100110100100010010000100
In base 8, what is -41 + 1532333?
1532272
In base 5, what is -1021014 + 424203?
-41311
In base 4, what is 22331 + -1331213?
-1302222
In base 15, what is -5 + -352cb57?
-352cb5c
In base 15, what is 1 - -57d7d85?
57d7d86
In base 13, what is -4b + -11c749?
-11c797
In base 7, what is -1 + -25636623?
-25636624
In base 3, what is -21020 + -10000110?
-10021200
In base 12, what is 25 - -592a10b?
592a134
In base 7, what is 120454430 + 36?
120454466
In base 12, what is 2171 - 2031?
140
In base 14, what is 7 - -d6910?
d6917
In base 13, what is 18b51c + -45b?
18b091
In base 6, what is -12125001 - 1250?
-12130251
In base 9, what is -130 + -44407?
-44537
In base 14, what is 4 + 1a457da7?
1a457dab
In base 10, what is 374 + -191084?
-190710
In base 7, what is -103220406320 + -4?
-103220406324
In base 7, what is -16336 - 13?
-16352
In base 8, what is -161660 - -111?
-161547
In base 8, what is -2364635 + -10?
-2364645
In base 4, what is 11 - -31010303323302?
31010303323313
In base 4, what is -1 + 12021021022213?
12021021022212
In base 5, what is 1101321202 + -32?
1101321120
In base 16, what is -8de1 - -17c?
-8c65
In base 10, what is 104743 + -5?
104738
In base 2, what is 100 + -10101110111101010100100111101?
-10101110111101010100100111001
In base 9, what is 15 + -73072848?
-73072833
In base 14, what is -2591 + -1c4d4?
-20a85
In base 7, what is 1216060 + -125?
1215632
In base 14, what is -59 - 1ad62?
-1adbb
In base 7, what is 1022261 + 166?
1022460
In base 9, what is 146566 - -878?
147555
In base 7, what is 201 + -5361233?
-5361032
In base 12, what is -71 - 16816?
-16887
In base 12, what is 106952 + 1a77?
108809
In base 15, what is 41c8ba - 27?
41c893
In base 10, what is -21795 + -942?
-22737
In base 8, what is 5 + 745706275?
745706302
In base 14, what is 1cc + 533c87?
534075
In base 11, what is -18650 - -28?
-18623
In base 2, what is 111010011100001111011110011 - -100?
111010011100001111011110111
In base 10, what is 125 - 123467?
-123342
In base 15, what is 82b + -12a?
701
In base 8, what is -3127 + -13311?
-16440
In base 16, what is 4b - 2478f?
-24744
In base 7, what is -402 - -4521151?
4520446
In base 2, what is -101111100011111010000 - -101?
-101111100011111001011
In base 4, what is -1313 - 20320312133?
-20320320112
In base 7, what is -6 - -1506103252?
1506103243
In base 4, what is -1321231230 + 1130?
-1321230100
In base 7, what is 53452465 + 61?
53452556
In base 4, what is 2 + -11301302212031?
-11301302212023
In base 7, what is 5 + 1654534?
1654542
In base 13, what is 5c + -10946b?
-10940c
In base 6, what is -5304 - 2242250?
-2251554
In base 2, what is 1101011110110100001100 + 10001?
1101011110110100011101
In base 8, what is 102105 - 46?
102037
In base 2, what is -1100001101001000110 - -11?
-1100001101001000011
In base 16, what is 5 + -266c5b?
-266c56
In base 9, what is 2 + -64050108?
-64050106
In base 9, what is -4515316 - 151?
-4515467
In base 11, what is 7496603 - 1?
7496602
In base 10, what is -27831 - -13038?
-14793
In base 15, what is -63 + -dd831?
-dd894
In base 9, what is -1 - 7650141?
-7650142
In base 7, what is 23022 - -140544?
163566
In base 15, what is 355e93 - 121?
355d72
In base 2, what is -11000001 + 1010000010110011?
1001111111110010
In base 14, what is -147010 - c?
-14701c
In base 12, what is -b8 + -228ab1?
-228ba9
In base 9, what is 270282488 - 4?
270282484
In base 6, what is -3200310224 + -12?
-3200310240
In base 3, what is -1011100212210 - 10221?
-1011101000201
In base 13, what is a1 - -314a78c?
314a860
In base 7, what is 552614 + -1062?
551522
In base 14, what is 5 - 2ad900?
-2ad8d9
In base 6, what is 51434001334 + -2?
51434001332
In base 9, what is -75024108 - -6?
-75024102
In base 8, what is -760 + 22443?
21463
In base 6, what is 1300 + 3512422?
3514122
In base 2, what is -100010 + 1011000010100010001111?
1011000010100001101101
In base 11, what is -21a52183 + 0?
-21a52183
In base 7, what is 4 - -550335166?
550335203
In base 8, what is -246 + -425460?
-425726
In base 15, what is -2 + -490cebe?
-490cec1
In base 16, what is 1d3 - -72d?
900
In base 13, what is 15ca1 - b68?
15136
In base 15, what is 1 + 96eca50?
96eca51
In base 13, what is 1b53138 - -8?
1b53143
In base 3, what is 2211201 + 212220?
10201121
In base 9, what is -46 - 3601620?
-3601666
In base 6, what is -1052 - 3535011?
-3540103
In base 6, what is 113 - 1120113?
-1120000
In base 12, what is 3730229 + -4?
3730225
In base 12, what is 28b + 148b5?
14b84
In base 15, what is 281 + -b29bb?
-b273a
In base 6, what is 11545305 - 242?
11545023
In base 3, what is -2 - -11210001200200001?
11210001200122222
In base 4, what is 1 - 31122332031?
-31122332030
In base 16, what is a26d1 + -223?
a24ae
In base 14, what is 4 - 29c475?
-29c471
In base 5, what is -11034314344 - 4?
-11034314403
In base 2, what is -1000000000000011001111 + 1101000?
-1000000000000001100111
In base 13, what is -2 - -2683c5b?
2683c59
In base 5, what is 103 - 302423402?
-302423244
In base 7, what is 63 - 116600?
-116504
In base 13, what is -19461 + b16?
-18648
In base 8, what is 2450 + -164366?
-161716
In base 5, what is 10030 - -121001212?
121011242
In base 6, what is 1201404 + 202?
1202010
In base 16, what is 2f - 5b55a?
-5b52b
In base 5, what is -10 - -102313102?
102313042
In base 6, what is 12410 + 322422?
335232
In base 12, what is 1 - 2190a995?
-2190a994
In base 5, what is -2231 + 24311433?
24304202
In base 6, what is -1044 - -3104541?
3103453
In base 11, what is 3 + -2468366?
-2468363
In base 11, what is -5 - 297180?
-297185
In base 9, what is 533842 + -883?
532848
In base 10, what is 3 + -48020675?
-48020672
In base 3, what is -1202012020011201 + 11?
-1202012020011120
In base 5, what is 1 + 1412024143?
1412024144
In base 9, what is 30400 - -683?
31183
In base 7, what is -1452530 + 1